**2 - 17*y + 27. Calculate s(10).
-43
Let w(q) = 2*q**3 + 21*q**2 + 38*q + 17. Determine w(-8).
33
Let c(q) = q**2 - 134*q + 4189. Give c(83).
-44
Let p(x) = x**2 + 22*x - 58. Determine p(-19).
-115
Let m(c) = -53*c + 2454. What is m(42)?
228
Let o(m) = 105*m + 806. Give o(-14).
-664
Let f(l) = 2*l**3 - 28*l**2 - 7*l + 429. Give f(13).
0
Let v(x) = x**2 - 10*x - 101. Calculate v(-11).
130
Let c(i) = -241*i + 2641. Give c(11).
-10
Let z(t) = t**2 + 35*t + 324. Determine z(-16).
20
Let v(k) = 4*k**3 - 501*k**2 - 375*k - 355. Calculate v(126).
23
Let i(g) = -g**3 - 6*g**2 + 27*g - 32. Determine i(-6).
-194
Let p(g) = -g**3 + 55*g**2 + 166*g - 209. What is p(58)?
-673
Let k(x) = -x**2 - 55*x - 600. Determine k(-44).
-116
Let u(s) = -s**3 - 17*s**2 - 22*s - 103. What is u(-15)?
-223
Let z(g) = 2141*g + 94200. Calculate z(-44).
-4
Let q(h) = -h**2 - 257*h - 1722. Calculate q(-7).
28
Let d(i) = i**3 + 73*i**2 - 235*i - 529. What is d(-76)?
3
Let y(o) = o**3 + 63*o**2 + 511*o - 208. Give y(-10).
-18
Let z(v) = -62*v + 371. Give z(10).
-249
Let s(o) = o**3 - 15*o**2 - 51*o. Determine s(18).
54
Let v(w) = w**3 + 12*w**2 - 22*w + 97. Determine v(-14).
13
Let u(m) = 2*m**3 - 25*m**2 + 18*m + 5. What is u(6)?
-355
Let p(z) = z**3 + 12*z**2 - 9*z - 243. Calculate p(-9).
81
Let a(r) = r**3 - 6*r**2 + 9*r + 3. What is a(4)?
7
Let v(r) = 10*r - 741. What is v(76)?
19
Let l(p) = -23*p + 447. Determine l(15).
102
Let m(j) = 535*j + 1069. What is m(-2)?
-1
Let r(h) = 4*h - 366. Determine r(68).
-94
Let n(o) = -2*o**3 - 53*o**2 - 67*o + 215. Determine n(-25).
15
Let l(f) = -f**2 - 15*f + 1738. What is l(35)?
-12
Let n(j) = 2*j**2 + 39*j + 83. What is n(-3)?
-16
Let i(h) = 71*h + 5606. Give i(-79).
-3
Let b(p) = -p**3 + 94*p**2 - 86*p - 655. Calculate b(93).
-4
Let h(k) = k**2 - 50*k - 443. Determine h(-8).
21
Let x(r) = 2*r**2 - 1934*r + 48961. Give x(26).
29
Let p(v) = -v**3 - 3*v**2 + 46*v + 132. What is p(-3)?
-6
Let c(r) = -r**2 + 24*r - 191. What is c(25)?
-216
Let z(t) = 2*t**2 + 10*t - 101. Calculate z(-9).
-29
Let t(n) = -n**3 + 4*n**2 - 15*n + 38. What is t(5)?
-62
Let x(l) = -17*l - 14. Give x(7).
-133
Let q(d) = 2886*d + 17311. What is q(-6)?
-5
Let k(m) = -165*m**3 - 2*m - 1. Calculate k(-1).
166
Let k(v) = 165*v + 1823. Calculate k(-11).
8
Let o(d) = 908*d + 1792. Give o(-2).
-24
Let u(h) = -h**3 + 137*h**2 - 136*h + 1. What is u(136)?
1
Let l(s) = -85*s - 1608. Determine l(-6).
-1098
Let j(m) = 3*m**3 - 127*m**2 - 84*m - 70. Calculate j(43).
16
Let g(m) = -m**2 - 31*m - 318. Determine g(-15).
-78
Let s(y) = -y - 102. What is s(5)?
-107
Let t(i) = -i**3 + 25*i**2 + 152*i - 50. Give t(30).
10
Let c(q) = -137*q**2 + 818*q - 1. Determine c(6).
-25
Let x(o) = -295*o + 10302. What is x(35)?
-23
Let o(d) = -2*d**2 - 9*d + 9. Give o(2).
-17
Let v(b) = -2*b**3 + 60*b**2 - 356*b + 86. Calculate v(22).
-2
Let q(a) = 276*a + 1386. Calculate q(-5).
6
Let d(i) = -i**3 + 42*i**2 - 117*i + 1495. Give d(40).
15
Let z(x) = x**3 + 41*x**2 + 145*x - 37. Determine z(-37).
74
Let i(p) = 25*p**2 - 1296*p - 35. Give i(52).
173
Let o(p) = -25*p + 692. What is o(30)?
-58
Let s(v) = -9*v**2 - 3835*v - 22689. What is s(-6)?
-3
Let y(d) = -2*d**2 - 63*d - 554. Calculate y(-27).
-311
Let a(v) = -19*v**2 + 2377*v - 226. Calculate a(125).
24
Let h(g) = 7*g**3 - 91*g**2 - 4*g + 58. Determine h(13).
6
Let p(f) = -f - 173. Calculate p(19).
-192
Let s(z) = 12*z + 4. What is s(-3)?
-32
Let o(p) = 43*p - 6070. Give o(139).
-93
Let o(n) = n**2 - 18*n - 415. What is o(17)?
-432
Let w(m) = 9*m - 326. Calculate w(37).
7
Let v(y) = -32*y + 1958. Determine v(63).
-58
Let r(v) = -v**2 - 37*v + 300. Calculate r(-22).
630
Let g(b) = 25*b - 510. Determine g(20).
-10
Let a(l) = l**3 - 117*l**2 + 288*l - 6635. Calculate a(115).
35
Let f(l) = -202*l + 3001. What is f(15)?
-29
Let i(u) = -957*u - 8564. Calculate i(-9).
49
Let c(u) = u**3 - 24*u**2 - 11*u - 39. What is c(24)?
-303
Let f(o) = o**2 + 5*o - 2957. Calculate f(51).
-101
Let f(n) = -7*n + 93. Calculate f(22).
-61
Let m(r) = r**3 + 12*r**2 - 44*r + 8. Calculate m(-15).
-7
Let m(t) = 60*t - 1134. Calculate m(13).
-354
Let m(n) = -25*n + 66. What is m(-14)?
416
Let l(z) = 19*z**2 + 188*z + 34. Calculate l(-10).
54
Let v(t) = -25*t + 789. Give v(38).
-161
Let m(b) = 3*b**3 - 148*b**2 + 50*b - 69. Calculate m(49).
-20
Let s(g) = g**2 - 17*g + 64. Determine s(22).
174
Let k(d) = d**3 + 53*d**2 + 45*d - 211. Calculate k(-52).
153
Let w(v) = 8*v**2 + 7*v - 14. Give w(3).
79
Let v(d) = -3*d**2 - 3*d - 12. Calculate v(5).
-102
Let g(j) = j**2 - 142*j - 1356. Calculate g(-9).
3
Let w(v) = -469*v + 32828. Determine w(70).
-2
Let w(s) = -8*s**2 + 137*s - 26. Give w(15).
229
Let h(j) = 3*j**2 + 62*j - 403. What is h(6)?
77
Let h(a) = -2017*a + 56478. Determine h(28).
2
Let p(n) = -2*n**3 + 25*n**2 + 187*n + 213. Give p(-4).
-7
Let j(v) = v**3 - 35*v**2 + 44*v + 1659. Determine j(32).
-5
Let c(x) = -21*x + 1246. Give c(32).
574
Let l(t) = -118*t + 693. Determine l(6).
-15
Let y(o) = -o**2 - 102*o - 1597. Determine y(-19).
-20
Let r(s) = -s**3 - 7*s**2 - 6*s - 10. Determine r(-5).
-30
Let a(w) = 42*w + 8097. Calculate a(-192).
33
Let p(k) = -k**3 - 19*k**2 - 82*k + 4. What is p(-6)?
28
Let k(t) = -t**3 + 24*t**2 - 146*t + 96. Calculate k(14).
12
Let a(w) = -w**2 + 146*w - 686. What is a(5)?
19
Let c(x) = 7*x**2 - 371*x + 372. Determine c(1).
8
Let h(v) = -3*v**3 + 14*v**2 - v + 31. Calculate h(9).
-1031
Let a(j) = 68*j + 320. Determine a(-5).
-20
Let p(o) = -2*o**3 - 13*o**2 + o + 1. What is p(0)?
1
Let r(f) = 3*f + 52. What is r(-18)?
-2
Let u(j) = j**3 + 18*j**2 - 63*j - 12. Determine u(-21).
-12
Let h(r) = -r**3 - 81*r**2 + 10*r + 763. Determine h(-81).
-47
Let t(u) = 2*u**2 - 95*u - 377. Determine t(-4).
35
Let t(h) = -19*h**3 - 12*h**2 - 21*h + 43. Determine t(2).
-199
Let r(k) = -269*k - 2650. Give r(-10).
40
Let r(s) = 2*s**2 + 241*s + 5609. What is r(-89)?
2
Let w(j) = 2*j**2 - 186*j + 1708. Calculate w(10).
48
Let f(q) = -8334*q - 16661. Give f(-2).
7
Let n(m) = 792*m**2 + 11*m + 8. Determine n(-1).
789
Let r(g) = -g**2 - 56*g + 21. What is r(-62)?
-351
Let k(s) = -s**3 - 2020*s**2 + 14184*s + 36. Determine k(7).
1
Let x(s) = -282*s + 33266. Determine x(118).
-10
Let v(a) = a**3 - 16*a**2 - 148*a + 1727. Determine v(19).
-2
Let j(y) = 144*y + 3309. Calculate j(-23).
-3
Let j(y) = 21*y - 1202. Determine j(57).
-5
Let o(i) = -3*i**3 + 127*i**2 - 77*i + 1459. Determine o(42).
-11
Let a(s) = -s**3 + 39*s**2 + 39*s + 61. Calculate a(40).
21
Let k(b) = -187*b + 513. Determine k(3).
-48
Let s(f) = 28*f - 480. Determine s(13).
-116
Let w(a) = -7*a + 354. Determine w(12).
270
Let z(b) = b**3 + 117*b**2 - 861*b - 41. What is z(7)?
8
Let a(o) = -o**3 + 18*o**2 - 22*o + 76. Give a(17).
-9
Let d(b) = -4*b**3 - 22*b**2 + 3*b - 53. What is d(-7)?
220
Let s(v) = -168*v - 1404. Give s(-10).
276
Let d(s) = s**2 + 52*s + 155. Calculate d(-49).
8
Let q(h) = -2*h**3 - 3*h**2 + 2. What is q(1)?
-3
Let d(z) = -2*z**2 - 13*z + 51. Calculate d(3).
-6
Let l(q) = q**3 + 32*q**2 + 68*q + 254. Determine l(-30).
14
Let q(v) = -18*v**2 - 15*v + 55. Determine q(6).
-683
Let q(p) = -p**2 + 109*p - 2631. Calculate q(42).
183
Let q(i) = -i**3 + 11*i**2 + 10*i - 3. Determine q(11).
107
Let h(t) = -t**3 + 28*t**2 - 36*t + 285. Calculate h(27).
42
Let z(s) = 2*s**3 - 18*s**2 - 16*s + 61. Give z(8).
-195
Let x(p) = -2*p**2 - 8*p + 63. What is x(4)?
-1
Let c(m) = -6*m**2 + 110*m + 401. Calculate c(-4).
-135
Let r(y) = -25*y - 94. Determine r(-11).
181
Let t(m) = 8*m**2 - 226*m - 9. Determine t(28).
-65
Let p(k) = -2*k**2 + 32*k - 174. Calculate p(14).
-118
Let k(s) = s**3 + 7*s**2 - 160*s - 849. What is k(-5)?
1
Let h(m) = -71*m - 176. What is h(-6)?
250
Let m(i) = -225*i - 225. What is m(-1)?
0
Let z(c) = 11*c**2 + 37*c - 5. Determine z(-4).
23
Let n(f) = 12*f**2 + 381*f - 75. Calculate n(-32).
21
Let p(w) = -69*w**2 + 3727*w - 51. What is p(54)?
3
Let n(w) = -86*w**2 + 7*w - 7. Calculate n(1).
-86
Let a(z) = 30*z**2 - 444*z - 444. What is a(-1)?
30
Let w(s) = -3*s**3 + 3*s**2 - s - 12. Give w(0).
-12
Let z(g) = -20*g + 410. Determine z(19).
30
Let l(d) = -d**2 + 42*d - 8. Give l(0).
-8
Let w(q) = -28*q**2 + 65*q + 39. Give w(3).
-18
Let a(c) = 4*c**2 + 90*c - 65. What is a(-23)?
-